 Let y = -232 + 237. What is the greatest common factor of y and s?
1
Let p(k) = 2*k**3 - 96*k**2 - 95*k + 328. Let f be p(49). Calculate the greatest common divisor of 19 and f.
19
Suppose -w + 4*n + 112 = -306, -5*w + 2090 = n. What is the highest common factor of 528 and w?
22
Suppose -2*a + 4 = 0, -1844 = -5*n - 5*a + 3666. Calculate the highest common factor of 1045 and n.
55
Let w be 6/((2 - 5) + 1). Let n(d) = -2*d**2 - 7*d - 1. Let p be n(w). Suppose -422 = -4*b - 2*q, p*q = q + 3. What is the greatest common divisor of b and 13?
13
Let v(q) = -q**2 - 7*q + 153. Let y be v(7). What is the highest common factor of 1705 and y?
55
Let o be (-5 + (-9)/(-3))*-20. Suppose 8*g - 120 = -2*q + 5*g, 3*g = 2*q - 132. Let y = q + -47. What is the highest common factor of o and y?
8
Suppose -4*f - 2*u + 146 = 0, 47 + 64 = 3*f + 3*u. Calculate the highest common divisor of f and 3144.
12
Let i(o) = o**2 - 35*o + 72. Let h be i(32). Let n be (2/(-3))/(h/396). Calculate the highest common divisor of 121 and n.
11
Let m be 0 - (1 - 15/5). Suppose -m*w + 78 = -74. Suppose d - 58 - 21 = b, -w = -d - 2*b. What is the greatest common divisor of d and 26?
26
Suppose 0*a + 7*a + 0*a = 112. What is the highest common divisor of 688 and a?
16
Let v be 2062/12 + 185/(-222). Let a = -92 + 149. What is the greatest common divisor of a and v?
57
Let w be ((-26)/3)/((-9)/(-162)). Let z = w - -220. What is the highest common factor of z and 320?
64
Let p = -2764 - -19144. What is the highest common factor of p and 182?
182
Let b = -364 + 1174. What is the highest common divisor of b and 50?
10
Suppose 5*n - 12213 = -4*m, 109*m - 106*m - 9154 = 2*n. What is the greatest common divisor of m and 56?
28
Suppose 31*i - 268 = 33*i. Let y = 214 + i. Calculate the highest common factor of 5 and y.
5
Let u = -34 - -37. Suppose 25 = u*z - 35. Suppose -3*v + 7*v = -z, 5*v = -2*y - 11. Calculate the greatest common divisor of 7 and y.
7
Let u(g) = -g**3 - 8*g**2 + 7*g + 47. Suppose -7 = 5*i + 48. Let r be u(i). Calculate the highest common factor of r and 74.
37
Let w(t) = 6*t**2 - 18*t + 7. Let f be w(3). Let u be -1 + (4 - f)/(-3) + 99. Calculate the greatest common factor of u and 66.
33
Suppose -3*j = -37*j + 6664. Let u be (18 + -10)/(4/j). What is the highest common factor of u and 8?
8
Suppose 2*v = -r + 5526, -4295 = -2*v - 5*r + 1255. What is the highest common divisor of 414 and v?
138
Suppose 2 = 5*x - 88. Suppose -144 = -2*f - 4*o, 97*f - 95*f - 144 = -5*o. Calculate the greatest common factor of f and x.
18
Suppose 2*k = 29 + 17. Let h be 2/14 - 714/(-147). Suppose 0 = h*t + 5, 3*j = -2*t + 7*t + 143. What is the highest common factor of j and k?
23
Let s = -6661 + 6672. Let v be 614/7 + (-2)/(-7). Calculate the highest common factor of s and v.
11
Let s be 238/1071 + 1148/18. Calculate the highest common factor of s and 2848.
32
Let z be 17624/9 + 1*(-22)/99. Let r be 3 + 4/(-3) + z/6. Calculate the greatest common factor of r and 82.
82
Suppose 616 + 2428 = -4*r. Let t be ((-30)/(-3))/(-2) - r. Suppose 8*g - g = t. Calculate the highest common factor of g and 27.
27
Let q = -9988 + 9992. What is the highest common divisor of 1046 and q?
2
Suppose -5*d - 4*a = -4443, 4*d - 60*a - 3549 = -65*a. Calculate the highest common factor of d and 810.
81
Let j be (-15)/20*(-5 - -1). Suppose -26*u + 828 = -j*u. Let a be -10*2*24/(-20). What is the highest common divisor of u and a?
12
Let x = 89 + -103. Let d be (-346)/x - 30/(-105). Suppose -4*z - 3*o + 985 = z, 5*o + d = 0. Calculate the highest common divisor of z and 25.
25
Suppose -5*z - 21 = -b, 18 = 2*b + 5*z + 51. Let x be 3388/112 + ((-3)/b)/(-3). Calculate the highest common factor of 15 and x.
15
Suppose -2*y + 264 = 4*q, -5*y = 3*q - 55 - 150. Calculate the highest common factor of 156 and q.
13
Suppose 6 = -2*v, -2*d + 2769 + 4161 = 2*v. What is the highest common factor of 1020 and d?
204
Suppose 4*y + 697 = 17*y + 255. What is the highest common divisor of y and 12699?
17
Suppose 68 = 5*o + 3*b, 0 = o - 2*b + b - 20. Let z(y) = y**3 - 16*y**2 + 15*y + 21. Let u be z(o). What is the greatest common factor of 9 and u?
9
Let k(o) = -45*o + 1431. Let z be k(31). Calculate the greatest common factor of 34 and z.
2
Let t = 1787 + -1751. Calculate the highest common factor of 4986 and t.
18
Suppose 3*d + 3 = 2*d. Let p be (1 - d)/(-2) - 1. Let g(i) = 4*i**2 - 2*i + 2. Let o be g(p). Calculate the highest common divisor of o and 4.
4
Suppose 69*h - 10674 - 30126 = -31*h. What is the greatest common divisor of h and 6392?
136
Let j = 821 + -209. Let i be 6/33 - j/(-22). What is the highest common factor of i and 42?
14
Let s = 14662 + -14479. What is the highest common factor of 23424 and s?
183
Suppose 0 = 440*f - 448*f + 40. Let k be f + 13/(52/232). Calculate the highest common divisor of 105 and k.
21
Let b(x) = -164*x + 18. Let w be b(-8). Suppose -5222 = -13*k + w. What is the greatest common factor of k and 21?
21
Let r(t) = 2*t**2 + 12*t + 20. Let f be -2 + (3 + -4)/(3/9). Let i be r(f). Let o = -191 + 381. What is the highest common factor of o and i?
10
Suppose 4*h - 10*h = h. Suppose h = 8*m + 3 - 163. What is the greatest common factor of 45 and m?
5
Let p(g) = 54*g - 1069. Let s be p(22). Calculate the greatest common factor of 3927 and s.
119
Suppose -87*q + 5158 - 2222 + 5155 = 0. Calculate the greatest common factor of 1271 and q.
31
Let c = -91 - -167. Let q = c - 64. Let s be (20 + 1)*((-32)/14 + 4). Calculate the highest common divisor of s and q.
12
Let h be 5/1 + (-1)/1. Let w = h - 3. Let n(s) = 44*s + 268. Let z be n(-6). Calculate the highest common divisor of w and z.
1
Suppose 3403 = 85*c - 44*c. Calculate the greatest common factor of 1328 and c.
83
Let m = -6799 - -7063. What is the highest common divisor of 256 and m?
8
Suppose 0 = -253*i + 209*i + 440. Let q be 3 + (-3 - (-1)/1). Let l be q*(1 + -1 + 15). What is the greatest common divisor of l and i?
5
Suppose -t + 59 = 6*z - 3*z, t = 4*z - 81. Calculate the highest common divisor of z and 404.
4
Let q be (6 - -4)/(-2*(-5)/3140). What is the greatest common divisor of q and 20?
20
Suppose -r + 266 = 4*x, 3*x = -3706*r + 3705*r + 198. What is the greatest common factor of 23664 and x?
68
Let k be (-3)/6 + 30/4. Suppose -3*g + k*g - 212 = 0. Suppose 4*l + o = 83, 3*l - g = 4*o + 14. What is the greatest common factor of l and 42?
21
Suppose -26*k + 98*k - 3240 = 0. Suppose -m - 3*m = -5*b + 900, -3*b + 4*m + 540 = 0. Calculate the highest common divisor of k and b.
45
Let u be (-48)/84 + (-705)/(-21). Suppose u = -14*n + 17*n. What is the highest common divisor of 4 and n?
1
Suppose 5*u = -5*q + 145, 21*u + 79 = 2*q + 16*u. What is the highest common divisor of 52 and q?
4
Let y = -312 - -316. Suppose 5*h = -y*t + 140, -t - 12 = -h - 5*t. Let w be (7 - 5)*(79 + 1). Calculate the greatest common factor of w and h.
32
Let i = 7150 - 1839. What is the greatest common divisor of 47 and i?
47
Let o = 4113 - 4089. What is the highest common divisor of 294 and o?
6
Suppose -413*t + 415*t + 3*g = 834, t + 4*g = 417. What is the highest common factor of t and 3?
3
Let m = -37 - -55. Let l(k) = -2*k - 55. Suppose 10*d - 160 = 15*d. Let o be l(d). Calculate the greatest common divisor of o and m.
9
Suppose 42 = 9*a - 210. Suppose -66 = -q - 60. Calculate the highest common divisor of q and a.
2
Let p be (-2)/(0 - (-14)/63). Let b(v) = -v**3 - 8*v**2 + 11*v + 20. Let u be b(p). What is the highest common divisor of u and 128?
2
Suppose -5*r + 3*k + 26 = 0, 0 = -3*r - r + 3*k + 19. Let g = -2008 - -2008. Suppose g*p - r*p = -28. What is the highest common divisor of p and 44?
4
Let w be 2/(-3)*3/2. Let t = 6 - w. Let i be -16 + (-15 - (-4 - 55)). What is the greatest common factor of t and i?
7
Let m be -9*(2 - 3) + 2. Suppose -4445 = 5*h - 12*h. Suppose 7*l - 212 = h. Calculate the greatest common factor of m and l.
11
Let a(r) = r**3 + r**2 - 458*r + 1342. Let q be a(3). Let z(p) = p**3 + p**2 - 1. Let f be z(5). Let t = f + -93. What is the greatest common factor of q and t?
4
Let j be (9/6)/((-2)/(-12)). Let r(w) = w**3 + 17*w - 16. Let z be r(1). Let n(b) = 157*b - 170. Let l be n(z). What is the highest common divisor of j and l?
9
Suppose 